of 28 and k.
28
Suppose 216 = 13*q - 10*q. What is the greatest common factor of q and 180?
36
Suppose -4*u = -4*q - 540, -2*u + 4*q + 280 + 0 = 0. Suppose -514 = -4*x - u. What is the highest common divisor of x and 12?
12
Let h be 0/(2*(-3)/(-6)). Let y be 0 + (h - -2) + 2. Suppose -46*p = -58*p + 144. Calculate the greatest common divisor of y and p.
4
Let c be (-1)/(-3)*918/34. What is the greatest common factor of 207 and c?
9
Let p be (-20 - 4/(12/(-3)))/(-1). Let h be (-2)/((-4)/(-38)*-1). What is the highest common divisor of p and h?
19
Let c(o) = -11*o - 1. Let j be c(-5). Suppose -5*m = y - 33, 117*m - 119*m + 27 = 5*y. What is the highest common factor of m and j?
6
Let t = 70 - 12. Calculate the greatest common factor of 29 and t.
29
Suppose -p + 28 = 4*j + 3*p, -5*p + 31 = 3*j. Suppose -j*x - 3 = -9. Suppose x*l - 6 = 6. Calculate the highest common divisor of 4 and l.
4
Let f = -397 - -417. Calculate the highest common divisor of 90 and f.
10
Let c be 21 + (-3 - (-1 - 0)). Let o = 0 - -5. Suppose -2*a - 399 = -o*a. What is the highest common factor of a and c?
19
Suppose -4*g + 5*p + 64 = -g, -36 = -g - 2*p. Calculate the highest common divisor of 308 and g.
28
Let u = -13 + 24. Let z = u - 4. Let l be 6/(-39) - (-10224)/208. What is the highest common divisor of l and z?
7
Suppose 4*c = 3*g + 384, -3*c - 5*g + 110 = -149. Calculate the highest common divisor of 620 and c.
31
Let t(o) = -o**3 + 9*o**2 - 9*o + 12. Let d be t(8). Suppose -5*v + d*x = 2*x - 36, 2*v = x + 15. What is the greatest common divisor of v and 24?
6
Suppose 0 = -w + 59 - 4. Let o be -1 - -3 - 3/3. Let q(b) = 23*b**3 - 7*b**2 + 7*b - 1. Let z be q(o). Calculate the highest common divisor of w and z.
11
Suppose 12*h = 325 - 133. Let a be 82 - (0 - (-6)/3). What is the highest common divisor of h and a?
16
Let x(o) = -20*o + 159. Let h be x(-12). What is the greatest common divisor of 42 and h?
21
Let m(h) = h + 1. Let z be m(6). Let j(p) = z*p**2 + 3*p + 4*p - 2*p - 6*p**2 - 6. Let t be j(-8). What is the highest common factor of t and 18?
18
Let v be (-16 + 0)*22*3/(-3). What is the greatest common divisor of v and 22?
22
Suppose 5 = g + 2. Let s be ((-22)/g)/(-2*(-1)/(-12)). Calculate the highest common divisor of 11 and s.
11
Let n(d) = -d**2 + 14*d + 12. Suppose -2*a - 2*a + 48 = 0. Let t be n(a). What is the greatest common factor of 54 and t?
18
Let q be 6*((-125)/(-6) - 4). Let b = -31 + 87. Let x = q - b. Calculate the greatest common factor of x and 30.
15
Let n(a) = a**2 - 1. Let q be n(-2). Let t = -1 + q. Suppose 3*v = z + 1, 0*z - t*z - v + 26 = 0. What is the greatest common factor of z and 1?
1
Let r(j) = j - 14. Let g be r(14). Suppose -4*x + 0*x + 64 = g. Suppose 4*a - x = 0, -4*m = -0*a - a - 40. What is the greatest common factor of 33 and m?
11
Suppose -3578 = -10*n - 2378. What is the greatest common divisor of n and 360?
120
Let n(l) = 6*l**2 - 3*l - 6. Let f be n(5). Let w = -17 + -70. Let i = w + f. What is the highest common factor of i and 14?
14
Let o(u) = 5*u - 1. Let h(p) = -36*p + 6. Let b(n) = -2*h(n) - 15*o(n). Let r be b(-5). Let i = -3 + r. What is the greatest common divisor of 120 and i?
15
Let z be 2/((-111)/(-39) - 3). Let b be z*(1 - 12/1). Calculate the highest common divisor of 13 and b.
13
Suppose 14*r - 65 = 47. What is the greatest common factor of 14 and r?
2
Suppose 153 - 45 = 3*v. Suppose -4*k = -3*h + 60, -5*h - 3*k = -6*k - 111. What is the greatest common divisor of h and v?
12
Suppose 4*i = 3*w + 1175, -4*i = 3*w - 2*w - 1187. Calculate the greatest common factor of 481 and i.
37
Suppose -2*b + 282 = 27*n - 25*n, 5*n - 3*b - 729 = 0. Calculate the greatest common divisor of n and 56.
8
Let w be ((-15)/15)/((-3)/(-1) - 2). Let j be -2 - -4 - (0/(-2))/w. What is the highest common factor of j and 16?
2
Let t be (-442)/(-5) - (-4)/(-10). Let z(f) = -3*f + 7. Let d be z(-5). What is the greatest common factor of d and t?
22
Suppose 14 = 6*l + 2. Suppose -l*v = 2*x - 0*x - 8, -12 = 3*v. What is the greatest common divisor of 56 and x?
8
Suppose 3*g = -107 + 14. Let b = -19 - g. Calculate the highest common divisor of b and 30.
6
Let a be (4 - 1) + 1 + 2. Suppose -a = 10*n - 36. Calculate the greatest common factor of 15 and n.
3
Let k be (6/8)/((-4)/(-80)). Let q be (-4 + -5 - -10)/(-2 + (-22)/(-10)). Calculate the greatest common divisor of k and q.
5
Suppose 0 = -4*x - 2 + 10. Let u = -2 - -2. Suppose -4*t + 8 + 0 = u. What is the highest common divisor of x and t?
2
Let x(o) = 5*o**2 - 82*o + 25. Let a be x(17). Calculate the highest common divisor of 36 and a.
4
Let z = 34 + -34. Suppose z*u = -9*u + 54. What is the greatest common factor of 30 and u?
6
Let h(z) = -2*z - 33. Let x(k) = k**2 + 11*k - 11. Let r be x(-10). Let v be h(r). What is the greatest common divisor of v and 12?
3
Suppose 6*q - 68 = 5*q. Calculate the greatest common divisor of 153 and q.
17
Suppose -9*n + 7*n = -308. What is the highest common factor of 242 and n?
22
Suppose -210 + 214 = b, 0 = 4*q + 4*b - 536. Calculate the greatest common divisor of 30 and q.
10
Let r = 1 + 1. Suppose 8*p = r*p + 132. What is the highest common divisor of 11 and p?
11
Suppose 25*j - 1918 - 582 = 0. Calculate the greatest common factor of 50 and j.
50
Let b be (-1)/(6/1701)*32/(-16). Calculate the highest common divisor of 21 and b.
21
Let v(k) = -k**2 + 18*k + 18. Let j be v(18). Suppose 4*q = 16, -2*a + 2*q + 404 = 4*q. What is the greatest common divisor of j and a?
18
Suppose -3 = -4*q + p, 2*q + 0*p + 12 = -4*p. Let j(i) = -i**2 - 16*i + 2. Let d be j(-14). Let l = d + q. What is the greatest common factor of l and 10?
10
Let j be 47 - (4 - 0)/2. Suppose -6*t + 960 = 26*t. Calculate the highest common factor of j and t.
15
Suppose -4*h = 3*a - 7*a + 244, 0 = -5*a + 3*h + 299. Calculate the highest common factor of 638 and a.
58
Let s be (6/(-4))/(-3 - (-93)/32). Suppose 2*v - 5*v - 6 = 0. Let u(g) = -3*g**3 - 3*g**2 - g + 2. Let j be u(v). What is the highest common divisor of j and s?
16
Suppose -b + 1 = -m, -m = 4*m - b + 13. Let l be -3 - -10*m/(-6). Suppose l*i = 3*i + 4*n - 10, 22 = 4*i - 2*n. What is the highest common factor of i and 48?
6
Suppose f + 3*i + 10 = 0, f - i - 4 = 6. Suppose 3*d = -2*y + d + 2, 25 = -f*d. Calculate the greatest common divisor of y and 6.
6
Let j = -39 - -37. Let u be (j/4)/((-13)/1014). Calculate the highest common factor of 26 and u.
13
Let v(m) = 12*m**2 - 34*m + 139. Let g be v(4). Calculate the greatest common factor of 9 and g.
3
Let m(f) = -f**2 + 15*f - 3. Let w be m(13). Calculate the highest common factor of 253 and w.
23
Let x = 177 + -171. What is the highest common divisor of x and 174?
6
Let d = 1403 - 963. What is the highest common factor of 80 and d?
40
Suppose 2*n - 196 = -2*n. Let x(u) = -u**3 - 11*u**2 + 13*u + 19. Let k be x(-12). Calculate the highest common divisor of n and k.
7
Let s(x) = -x**3 + 19*x**2 + 8*x - 110. Let j be s(19). Suppose -3*y = -2*y - 28. What is the highest common divisor of j and y?
14
Let k(h) = -5*h. Let z be ((-2)/(-4) - -1)/((-18)/120). Let d be k(z). Calculate the greatest common factor of d and 25.
25
Suppose -16 = -5*d + 44. Let w be (-7 - (-189)/28) + (-362)/(-8). Suppose -5*n - 3*p + 3 = -2, 5*p + w = 5*n. Calculate the highest common divisor of d and n.
4
Suppose -13*w + 124 = -11*w. What is the highest common factor of 310 and w?
62
Let t(z) = z**3 + 21*z**2 + 18*z + 12. Let b be t(-19). What is the highest common factor of 16 and b?
8
Let f(m) = 175*m - 366. Let x be f(8). What is the greatest common factor of 22 and x?
22
Let s(g) = -182*g - 88. Let t be s(-4). Calculate the highest common divisor of 10 and t.
10
Suppose -528 + 1882 = 4*i - 2*d, 5*i = d + 1685. What is the highest common divisor of i and 21?
21
Let i be 20/((-320)/12) - 99/(-4). What is the highest common factor of i and 552?
24
Suppose 150 = 3*s + 135. Suppose v + 3*v - 368 = s*m, 0 = 2*m. Calculate the greatest common factor of v and 69.
23
Let k = -606 + 636. Calculate the highest common factor of 18 and k.
6
Suppose 2*q + 3*q - 25 = 0. Let d(z) = q*z + 6*z + 1 + 6. Let f be d(3). Calculate the highest common divisor of 100 and f.
20
Let x be (-9 + 28/7)/((-3)/21). Calculate the g